. Is v a prime number?
False
Let a(p) = -p + 2. Let i be a(-2). Suppose i*c = 2*w - 186, -3*w + 305 - 42 = 2*c. Suppose -4*g = -w + 29. Is g a composite number?
True
Let p(w) = 42*w**2 - 2*w - 5. Is p(-3) prime?
True
Let i(v) be the second derivative of v**4/4 + v**3 + 5*v**2/2 + 2*v. Is i(-8) a composite number?
False
Let r(p) = p**3 - 10*p**2 + 9*p + 5. Is r(16) composite?
True
Is (6/(-9))/(6/9) - -1848 composite?
False
Suppose 2*m - 1545 = -m. Is m a prime number?
False
Let d(o) = 2*o**3 + 4*o**2 + 3*o + 1. Let f be d(-2). Is 7*(-1)/(1/f) a composite number?
True
Suppose m + a - 65 = -0*a, -3*a - 12 = 0. Suppose 0*u + 885 = 3*u. Suppose -2*o = y - m + 1, -5*y + u = o. Is y prime?
False
Let z be (-699)/(-12) + 2/(-8). Suppose 0 = -5*m + z - 23. Suppose -2*r + 2*s + 168 = 0, 370 = 5*r - 2*s + m*s. Is r a composite number?
False
Let t be (2/2)/((-3)/(-3)). Let j(v) = 76*v + 1. Is j(t) prime?
False
Let r = -115 + 198. Is r prime?
True
Suppose 3*s = 9*s - 1398. Is s a composite number?
False
Let w be 3/((-9)/15) + 2. Is -5*15/(w/1) a composite number?
True
Suppose -4 = 4*n, -4*d - 5*n - 1047 = 266. Let o = 986 + d. Suppose -o = -5*g + 416. Is g composite?
True
Let m be (-3204)/48*(-1 - 43). Suppose 3*j = -5*c + m + 218, j - 1045 = -5*c. Is j composite?
True
Let c(b) be the second derivative of 11*b**4/2 + b**3/3 - b**2/2 - b. Is c(1) a composite number?
False
Let g(q) = 85*q. Let f(a) = -a**2 + 2*a + 4. Let n be f(3). Is g(n) composite?
True
Suppose 3*i - 20 = n, n + i + 0 + 8 = 0. Let w = 74 + -26. Let a = w + n. Is a a composite number?
False
Let w = -548 + 1081. Is w a composite number?
True
Let m be (-1)/(-1)*(10 - 3). Suppose 220 = -m*p + 11*p. Is p a prime number?
False
Let i(m) = -10*m - 9. Let r be 6/3 - 8/1. Is i(r) prime?
False
Let x(y) = 38*y**2 - y - 14. Is x(-3) a prime number?
True
Let y = -29 + 19. Let k be (122/5)/(2/y). Is k/(-14) + (-6)/(-21) a prime number?
False
Let q(j) = -2*j - 7. Let l(p) = -2*p - 7. Let o(u) = 3*l(u) - 2*q(u). Let x be o(-5). Suppose -3*z - c + 2*c = -21, -x*z + 21 = c. Is z composite?
False
Let z = -4 + 6. Suppose -2*m - 2*m + 5*b = -7, -z = m - 2*b. Suppose r + 5*f - 4 + 3 = 0, m = -4*f. Is r a composite number?
False
Let b be -1 - ((-11)/(-1))/(-1). Let w = b + -3. Is w composite?
False
Let x = 26 - 16. Suppose 3*v - 21 = 3*i, 5*i - x = -4*v - 0*v. Let a = 26 - v. Is a composite?
True
Suppose -20 = 5*r - 0*r. Let g(k) be the third derivative of -2*k**4 - k**3/6 - 5*k**2. Is g(r) composite?
False
Let j be (0 - (-1 + 4))/(-1). Let d(v) = 3*v**2 - v - 2. Let c be d(-3). Let m = c + j. Is m a composite number?
False
Let q(s) be the first derivative of s**2/2 - 2*s + 2. Let i be q(5). Suppose i*c = 36 + 39. Is c a composite number?
True
Suppose 3*t + 3*o - 720 = 0, 4*t + 5*o - 939 = 8*o. Is t composite?
True
Let q(z) = -6 + 8*z - 5 + 3*z + 5*z. Is q(6) a prime number?
False
Let d = 6 - 4. Let h be (-2 + (-1)/2)*d. Let z(i) = -i**3 - 3*i**2 - 2*i - 7. Is z(h) prime?
True
Let y = -11966 - -18133. Is y a composite number?
True
Is 1 - (-5 + (5 - 2632)) composite?
False
Let z(s) = 11*s**3 + 3*s**2 - 4*s + 5. Let j be z(-4). Is (-3)/4 + j/(-20) composite?
False
Suppose -5*h + 1487 = 2*o - 0*o, -h - 2*o = -299. Is 14*(-1 + h/6) a prime number?
False
Let k(s) = -s**3 - 6*s**2 - 11*s - 9. Is k(-5) a composite number?
True
Let a(l) = 0*l - l**2 - 4*l + 4 - 2*l. Let k be a(-7). Is 95/(-4)*(-1 + k) prime?
False
Suppose 472 = -4*i + 3*c, 3*c = -3*i + 4*c - 359. Suppose 4*y + 3*l - 834 = 4*l, -y - l + 206 = 0. Let p = y - i. Is p composite?
True
Suppose 5*a + 4*p = -0*p + 9, 3*p = -4*a + 8. Is 1413/45*(a + 0) a composite number?
False
Let s(r) be the third derivative of -r**6/120 + 2*r**5/15 + 5*r**4/24 - 5*r**3/6 + 7*r**2. Let k = 12 - 7. Is s(k) prime?
False
Let t(m) be the second derivative of -m**3/6 + 22*m**2 + 2*m. Let k be t(0). Suppose -4*p + k = -144. Is p composite?
False
Suppose -620 = -4*u - 4*w, 0 = -3*u + u + 5*w + 338. Is u a composite number?
True
Suppose 5*c = -5*s + 27760 - 3010, 4*c = -3*s + 14845. Is s a prime number?
False
Let j(n) = n**3 - 9*n**2 + 8*n + 5. Let d be j(8). Suppose -16 = d*z - 9*z. Suppose z*r = -43 + 167. Is r a prime number?
True
Let v(p) be the first derivative of 33*p**2/2 - p + 2. Is v(2) a composite number?
True
Let w be (5 - 4)*(332 - -1). Suppose -2*j + 944 = 2*j. Let t = w - j. Is t a prime number?
True
Suppose -5*v = 7*y - 11*y + 8659, y - 2164 = v. Is y a composite number?
False
Is (3 + (-8)/2)*-887 a prime number?
True
Let i be 4/(-10) - (-4)/10. Suppose 0 = r - 5*r + 2*w + 28, 5*r + 2*w = 53. Suppose i = l - 26 - r. Is l a prime number?
False
Let s = 587 + -280. Is s a prime number?
True
Suppose 0 = -3*a + 5*v + 125, a - 5*v - 90 = -a. Suppose 4*l + 7 = a. Is l composite?
False
Suppose 3*i - 29 = 49. Let d = -3 + i. Is d composite?
False
Is (-329 - 2)/(5/(-5)) prime?
True
Let k = -6 + 7. Let n(i) = 88*i**3 + i. Is n(k) prime?
True
Let i = 10 + -11. Let x = 80 + i. Is x prime?
True
Let a(z) = -z**3 - 10*z**2 + 8*z - 10. Is a(-11) a prime number?
True
Suppose -2*v = -17 + 5. Suppose -v = 3*s - 3. Is 54 + s + -1 + 1 a prime number?
True
Let j = -1 + 1. Suppose -2*q = -4*b + 3*q + 278, j = -5*b + 5*q + 345. Is b a composite number?
False
Let m = 345 - 134. Is m a prime number?
True
Let z be 143/33 + (-1)/3. Suppose -z*t + 65 = -3*t. Is t a prime number?
False
Let m(i) = -80*i - 11. Is m(-10) prime?
False
Let r(k) = 4*k - 6. Let a = -53 - -82. Suppose -5*t = 9 - a. Is r(t) a composite number?
True
Let a = -10 - -7. Is a + (2 - -112) + -2 prime?
True
Suppose -3*b + 60 = b. Suppose -4*t + b = -1. Suppose 3*y + g = 57, 4*g - t = 2*y - 42. Is y a prime number?
True
Is 4038/4 - (-6)/(-12) composite?
False
Let d(c) = -4*c - 6. Let j be -2 + 1 + -2 + 0. Let i(u) = 3*u + 7. Let x(o) = j*i(o) - 4*d(o). Is x(4) a prime number?
True
Let m be (-468)/(-45) + (-4)/10. Is (615/m)/((-1)/(-2)) prime?
False
Let c = -21 + 23. Suppose 3*r = -c*w + 8*r + 683, r = -4*w + 1311. Is w a prime number?
False
Let j(l) = -8*l - 1. Let z(r) = -25*r - 3. Let b(n) = n - 4. Let u be b(-7). Let f(m) = u*j(m) + 4*z(m). Is f(-2) a prime number?
True
Let p(h) = 306*h**2 - 1. Is p(-1) a prime number?
False
Let f(q) = -6*q + 4. Let g(j) = -j - 1. Let w(d) = -f(d) - 3*g(d). Is w(3) a composite number?
True
Let b be 38 - (-1 + (-5 - -3)). Let z = 86 + b. Is z prime?
True
Suppose -3*q + 732 = -3*w, -4*q + 252 + 679 = 5*w. Is q a prime number?
True
Suppose y + 0*p - 4*p = 1085, -3*y = -p - 3222. Is y a prime number?
False
Let t be (-3 + 24/9)*0. Let q be (-5)/(10/(-564)) - 1. Suppose 4*h + q = 5*l, 3*h + 65 = l - t*l. Is l composite?
False
Let m(p) = -p - 7. Suppose 0*z = -2*z - 10. Let k be m(z). Is (0 - k)*42/4 prime?
False
Is (-3)/7 - 28052/(-7) composite?
False
Let x be 924 + (-4 - -2)*1. Is x/8 - 3/12 a composite number?
True
Let x be (-3)/2*(-48)/(-9). Let i = 11 + x. Suppose -i*w - 5*p = -2*w - 17, 0 = -4*w + p + 152. Is w a prime number?
True
Suppose 4*o - 4*b = 2*o + 294, -749 = -5*o - 4*b. Is o prime?
True
Is 22*(-2 + 28/8) composite?
True
Let y(t) = t**2 + t + 293. Let r(g) = -g**3 + 4*g**2 + g - 4. Let q be r(4). Is y(q) a prime number?
True
Let d be (4/3)/(1/3). Is ((-2)/d)/((-2)/2324) prime?
False
Let r = 671 + -276. Is r a prime number?
False
Suppose -3*c = -4*z - 1945, -3*c - 2*z = -0*c - 1975. Is c a prime number?
False
Let n be 1/3 - 114/(-9). Let y = 7 - n. Let i = y + 21. Is i a composite number?
True
Let d(l) = 3*l - 2. Let p be d(6). Let a = p + -10. Suppose -r + u + 3 = -a, 2*r + 5*u = -3. Is r composite?
True
Suppose -3*c + 15 = v, v - 2*c - c - 9 = 0. Let n = 1 + v. Is n a prime number?
True
Suppose 4*x = 3*x + 50. Suppose -4*j + x = -42. Is j composite?
False
Suppose 2*r + j - 85 = -4*j, 0 = 5*r + j - 270. Is r prime?
False
Is -5 - 863*(5 + -7) composite?
False
Suppose 7*r + 111150 = 2*r. Is r/(-66) - (-2)/11 a composite number?
False
Let b(a) = -a - 4. Let l be b(-7). Let i(u) = u + u**2 - 3 - l*u - 1 + 0. Is i(5) a prime number?
True
Let x = 4 + -1. Suppose -3*c + 3*f + 91 = -23, 0 = -5*c + x*f + 184. Is c a prime number?
False
Let o(h) = -h**3 + 5*h**2 - 3*h - 2. Let q be o(4). Suppose -q*i = 2*y + 3*i + 27, 4*y - 11 = 3*i. Is 1 - y*17 - -1 composite?
False
Suppose -4*q = 2*q - 5262. I